e 11, what is -8 - 75?
-82
In base 11, what is -2 - -1921?
191a
In base 7, what is 1163 - -4?
1200
In base 9, what is -41 + -1?
-42
In base 3, what is -202 - -220?
11
In base 11, what is 50 - 3?
48
In base 16, what is 7 - c?
-5
In base 3, what is 212 + 101?
1020
In base 11, what is -9 - -6a0?
692
In base 16, what is 4 - -1174?
1178
In base 3, what is 10 - 21122?
-21112
In base 8, what is -1306 + 7?
-1277
In base 7, what is 25 + -120?
-62
In base 7, what is -103 + -310?
-413
In base 7, what is -2021 - 0?
-2021
In base 5, what is 1122 + -10?
1112
In base 5, what is 2431 + 2?
2433
In base 16, what is 3 - -1a?
1d
In base 11, what is 3 + 1117?
111a
In base 6, what is 14403 - 4?
14355
In base 12, what is -201 - 16?
-217
In base 15, what is -4c + 4?
-48
In base 6, what is -3 - -113?
110
In base 5, what is 1222 + -1?
1221
In base 16, what is 1 + 2f?
30
In base 6, what is 2413 - 4?
2405
In base 16, what is -6 + 5?
-1
In base 6, what is 35 + 103?
142
In base 3, what is 0 + 2211011?
2211011
In base 2, what is -100 + -100010010111?
-100010011011
In base 6, what is 3111 + 4?
3115
In base 10, what is -2 + 74?
72
In base 4, what is 100 + -11?
23
In base 5, what is 2 - -203?
210
In base 3, what is 11000 - -2?
11002
In base 11, what is 9 + -29a?
-291
In base 4, what is -2 + 1023?
1021
In base 13, what is 51 - 3?
4b
In base 7, what is -15 - -502?
454
In base 2, what is 110010111 + -100?
110010011
In base 6, what is 131 + -3?
124
In base 8, what is 54 - -2?
56
In base 15, what is -67 + 1a?
-4c
In base 6, what is -5 + 41?
32
In base 2, what is 110 + -110001?
-101011
In base 4, what is -2 + -1301?
-1303
In base 8, what is -3 + 6?
3
In base 9, what is -551 + 4?
-546
In base 16, what is 3 - -1a?
1d
In base 7, what is -5 + 4652?
4644
In base 12, what is -3 + 197?
194
In base 15, what is -3e7 + -5?
-3ec
In base 8, what is 0 + 71?
71
In base 10, what is 1622 - 3?
1619
In base 13, what is b + -152?
-144
In base 9, what is 544 + 4?
548
In base 16, what is -4 + 44?
40
In base 16, what is -4c - 4?
-50
In base 11, what is -83 + -9?
-91
In base 2, what is 110111110 + -11?
110111011
In base 7, what is 3 + 1350?
1353
In base 7, what is -4 - -10465?
10461
In base 11, what is -4 - -296?
292
In base 16, what is 3 - -9?
c
In base 7, what is 333 - 5?
325
In base 15, what is -34 + 6?
-2d
In base 6, what is -1 - 3235?
-3240
In base 2, what is 11 + 11010010?
11010101
In base 9, what is 0 + 181?
181
In base 16, what is 3 - 74?
-71
In base 9, what is 5 - 1123?
-1117
In base 14, what is 2d - -21?
50
In base 15, what is 1 + aa?
ab
In base 13, what is -b83 + 0?
-b83
In base 7, what is 1213 - -34?
1250
In base 2, what is -100101010 + 0?
-100101010
In base 4, what is -110001 + -10?
-110011
In base 8, what is -32 + 575?
543
In base 15, what is -3 + 41?
3d
In base 15, what is -4d + 1?
-4c
In base 14, what is 62 + 4?
66
In base 10, what is -5 + 0?
-5
In base 5, what is -302 + 13?
-234
In base 15, what is -2a + -a?
-35
In base 9, what is -7055 - -3?
-7052
In base 3, what is 101020 - 102?
100211
In base 7, what is -4 + -55?
-62
In base 10, what is 2 - -17?
19
In base 12, what is -210 + 12?
-1ba
In base 13, what is -45a - -c?
-44b
In base 6, what is -1 + 351?
350
In base 4, what is 11 + -12032?
-12021
In base 7, what is 454 + 2?
456
In base 16, what is -102 + 4?
-fe
In base 4, what is -131300 - -1?
-131233
In base 7, what is 3 + 20?
23
In base 7, what is 3524 + 4?
3531
In base 12, what is 34 - -8?
40
In base 3, what is -10 - 11002?
-11012
In base 9, what is -6 + -660?
-666
In base 10, what is 4 + 2?
6
In base 9, what is -84 - -22?
-62
In base 15, what is ee3 - 0?
ee3
In base 2, what is 1 + -100101001?
-100101000
In base 8, what is 0 - 36?
-36
In base 5, what is -4242 - 4?
-4301
In base 3, what is 10 + 2?
12
In base 6, what is 0 + -54?
-54
In base 15, what is 1e - 4?
1a
In base 10, what is -52989 + 5?
-52984
In base 8, what is -1 - -643?
642
In base 16, what is 6 + 2?
8
In base 11, what is 4 + -58?
-54
In base 8, what is -210 - -12?
-176
In base 5, what is -10 + -344?
-404
In base 13, what is -4 - 264?
-268
In base 16, what is 549 - 5?
544
In base 8, what is 5324 + 1?
5325
In base 4, what is 1 - 2100?
-2033
In base 9, what is 5 + 2553?
2558
In base 13, what is b5 - -1?
b6
In base 3, what is 100221 + -110?
100111
In base 3, what is 12 - -1112122?
1112211
In base 3, what is -1 + -22222?
-100000
In base 14, what is -3 - -4c8?
4c5
In base 7, what is 1016 - -5?
1024
In base 15, what is -2 - 24c?
-24e
In base 13, what is 0 + 20a?
20a
In base 2, what is 11110100011 + -10?
11110100001
In base 16, what is -27 + -7?
-2e
In base 6, what is 125 + 5?
134
In base 4, what is 221020 + 10?
221030
In base 6, what is 0 - -3455?
3455
In base 13, what is 2 - -1?
3
In base 15, what is 2 - 3b2?
-3b0
In base 15, what is -403 - d?
-411
In base 9, what is 47 + -4?
43
In base 7, what is -5 + -56?
-64
In base 9, what is 1 - 21?
-20
In base 15, what is 160 - 5?
15a
In base 3, what is 12 - 11000?
-10211
In base 10, what is 2 + 293?
295
In base 2, what is -11000 + 101010000?
100111000
In base 4, what is 1 + 20133?
20200
In base 5, what is 3 + 1001?
1004
In base 7, what is 2 - -452?
454
In base 2, what is -100 - -10001001001?
10001000101
In base 4, what is 12021 - 1?
12020
In base 13, what is 0 + 446?
446
In base 7, what is 4 + 12330?
12334
In base 2, what is 10011 - 1101011?
-1011000
In base 7, what is 2 + 10?
12
In base 10, what is 1 - -58?
59
In base 13, what is -16 + -35?
-4b
In base 15, what is 1eb5 - -5?
1eba
In base 13, what is 5 + 1c?
24
In base 7, what is -105 + -2?
-110
In base 14, what is -3 - 47c?
-481
In base 15, what is 1 - 44?
-43
In base 7, what is 0 - 344?
-344
In base 11, what is 612 + -6?
607
In base 13, what is c - 25?
-16
In base 12, what is b64 + 3?
b67
In base 5, what is 40 - -3332?
3422
In base 12, what is 18 + -3?
15
In base 11, what is 4 - 1a?
-16
In base 16, what is -5 - 70?
-75
In base 15, what is 9 - -26?
30
In base 11, what is 1 - 530?
-52a
In base 9, what is -18 + 13?
-5
In base 6, what is 2 - -40?
42
In base 3, what is -10220 - 12?
-11002
In base 7, what is 12 + -564?
-552
In base 2, what is 1110000100110 - 0?
1110000100110
In base 16, what is db + -3?
d8
In base 8, what is -102 + -21?
-123
In base 4, what is -11 + -11200?
-11211
In base 10, what is 4 - -1816?
1820
In base 7, what is 5 - 11?
-3
In base 11, what is 46 + 29?
74
In base 11, what is -2a + 19?
-11
In base 3, what is -1110 - -1020?
-20
In base 15, what is 6d + e?
7c
In base 11, what is 559 + 12?
570
In base 10, what is -2 + -20?
-22
In base 4, what is -100 + 1133?
1033
In base 8, what is 1 + 235?
236
In base 10, what is -3172 + 2?
-3170
In base 15, what is 13 + -33d?
-32a
In base 16, what is 1a + -5?
15
In base 9, what is 338 - 13?
325
In base 9, what is -174 + 0?
-174
In base 3, what is 0 - -12012?
12012
In base 2, what is 1001001 + -11101?
101100
In base 13, what is -2c + -17?
-46
In base 4, what is -1202 - 2103?
-3311
In base 11, what is -9 - 3?
-11
In base 3, what is 121 + 211122?
212020
In base 14, what is -476 + 2?
-474
In base 2, what is 1010101010 + 11?
1010101101
In base 14, what is 6b7 - -4?
6bb
In base 11, what is -9 - -222?
214
In base 16, what is -4 - -38?
34
In base 16, what is 47f + 3?
482
In base 4, what is 11 + -33131?
-33120
In base 9, what is -82 + 5?
-76
In base 12, what is 5 + -16?
-11
In base 7, what is -332 + -3?
-335
In base 10, what is -75 + -2?
-77
In base 10, what is 90 + 4?
94
In base 5, what is -40 - 2?
-42
In base 6, what is 11 - -2105?
2120
In base 13, what is -b1a + 4?
-b16
In base 6, what is 3 - -22?
25
In base 10, what is -266 - 29?
-295
In base 2, what is -110011 + 10?
-110001
In base 8, what is -7 + 72?
63
In base 15, what is 8 + 5?
d
In base 8, what is 37 + -30?
7
In base 16, what is -707 + -2?
-709
In base 12, what is -45 + b8?
73
In base 11, what is 25 - 15?
10
In base 15, what is -4e - -5?
-49
In base 6, what is -104 + 22?
-42
In base 9, what is 3 + 25?
28
In base 3, what is 1 - -110?
111
In base 4, what is -11 - -1222002?
1221331
In base 2, what is -111 - 100101?
-101100
In base 3, what is 0 - -1000221?
1000221
In base 2, what is 100 - -101110?
110010
In base 14, what is -160 - -4?
-15a
In base 4, what is -3 + -1330?
-1333
In base 7, what is 0 + 1256?
1256
In base 16, what is -a - -392?
388
I